{"id":3342,"date":"2021-01-23T13:18:32","date_gmt":"2021-01-23T12:18:32","guid":{"rendered":"https:\/\/pappy-vuc.ch\/produkt\/speck-pure-poivre\/"},"modified":"2023-12-05T11:45:52","modified_gmt":"2023-12-05T10:45:52","slug":"speck-pure-poivre","status":"publish","type":"product","link":"https:\/\/pappy-vuc.ch\/fr\/produit\/speck-pure-poivre\/","title":{"rendered":"Lard gourmet Pure Poivre"},"content":{"rendered":"","protected":false},"excerpt":{"rendered":"<p><strong>Le d\u00e9lai de production peut aller jusqu&#8217;\u00e0 4 mois<\/strong><\/p>\n<p>Le lard, apr\u00e8s avoir \u00e9t\u00e9 sal\u00e9, re\u00e7oit une couche de poivre noir moulu. Particuli\u00e8rement appr\u00e9ci\u00e9 par les amateurs de poivre, il est \u00e9galement excellent sur un plateau de viande s\u00e9ch\u00e9e mixte et avec le risotto, les p\u00e2tes.<\/p>\n","protected":false},"featured_media":3279,"template":"","meta":[],"product_brand":[],"product_cat":[131],"product_tag":[],"class_list":{"0":"post-3342","1":"product","2":"type-product","3":"status-publish","4":"has-post-thumbnail","6":"product_cat-gourmetspeck-fr","8":"first","9":"instock","10":"taxable","11":"shipping-taxable","12":"purchasable","13":"product-type-simple"},"yoast_head":"<!-- This site is optimized with the Yoast SEO plugin v27.4 - https:\/\/yoast.com\/product\/yoast-seo-wordpress\/ -->\n<title>Lard gourmet Pure Poivre | Pappy Vuc<\/title>\n<meta name=\"robots\" content=\"index, follow, max-snippet:-1, max-image-preview:large, max-video-preview:-1\" \/>\n<link rel=\"canonical\" href=\"https:\/\/pappy-vuc.ch\/fr\/produit\/speck-pure-poivre\/\" \/>\n<meta property=\"og:locale\" content=\"fr_FR\" \/>\n<meta property=\"og:type\" content=\"article\" \/>\n<meta property=\"og:title\" content=\"Lard gourmet Pure Poivre | Pappy Vuc\" \/>\n<meta property=\"og:description\" content=\"Le d\u00e9lai de production peut aller jusqu&#039;\u00e0 4 mois  Le lard, apr\u00e8s avoir \u00e9t\u00e9 sal\u00e9, re\u00e7oit une couche de poivre noir moulu. Particuli\u00e8rement appr\u00e9ci\u00e9 par les amateurs de poivre, il est \u00e9galement excellent sur un plateau de viande s\u00e9ch\u00e9e mixte et avec le risotto, les p\u00e2tes.\" \/>\n<meta property=\"og:url\" content=\"https:\/\/pappy-vuc.ch\/fr\/produit\/speck-pure-poivre\/\" \/>\n<meta property=\"og:site_name\" content=\"Pappy Vuc\" \/>\n<meta property=\"article:modified_time\" content=\"2023-12-05T10:45:52+00:00\" \/>\n<meta property=\"og:image\" content=\"https:\/\/pappy-vuc.ch\/wp-content\/uploads\/2021\/01\/Pfefferspeck_221A4516.jpg\" \/>\n\t<meta property=\"og:image:width\" content=\"1024\" \/>\n\t<meta property=\"og:image:height\" content=\"683\" \/>\n\t<meta property=\"og:image:type\" content=\"image\/jpeg\" \/>\n<meta name=\"twitter:card\" content=\"summary_large_image\" \/>\n<script type=\"application\/ld+json\" class=\"yoast-schema-graph\">{\"@context\":\"https:\\\/\\\/schema.org\",\"@graph\":[{\"@type\":\"WebPage\",\"@id\":\"https:\\\/\\\/pappy-vuc.ch\\\/fr\\\/produit\\\/speck-pure-poivre\\\/\",\"url\":\"https:\\\/\\\/pappy-vuc.ch\\\/fr\\\/produit\\\/speck-pure-poivre\\\/\",\"name\":\"Lard gourmet Pure Poivre | Pappy Vuc\",\"isPartOf\":{\"@id\":\"https:\\\/\\\/pappy-vuc.ch\\\/fr\\\/#website\"},\"primaryImageOfPage\":{\"@id\":\"https:\\\/\\\/pappy-vuc.ch\\\/fr\\\/produit\\\/speck-pure-poivre\\\/#primaryimage\"},\"image\":{\"@id\":\"https:\\\/\\\/pappy-vuc.ch\\\/fr\\\/produit\\\/speck-pure-poivre\\\/#primaryimage\"},\"thumbnailUrl\":\"https:\\\/\\\/pappy-vuc.ch\\\/wp-content\\\/uploads\\\/2021\\\/01\\\/Pfefferspeck_221A4516.jpg\",\"datePublished\":\"2021-01-23T12:18:32+00:00\",\"dateModified\":\"2023-12-05T10:45:52+00:00\",\"breadcrumb\":{\"@id\":\"https:\\\/\\\/pappy-vuc.ch\\\/fr\\\/produit\\\/speck-pure-poivre\\\/#breadcrumb\"},\"inLanguage\":\"fr-FR\",\"potentialAction\":[{\"@type\":\"ReadAction\",\"target\":[\"https:\\\/\\\/pappy-vuc.ch\\\/fr\\\/produit\\\/speck-pure-poivre\\\/\"]}]},{\"@type\":\"ImageObject\",\"inLanguage\":\"fr-FR\",\"@id\":\"https:\\\/\\\/pappy-vuc.ch\\\/fr\\\/produit\\\/speck-pure-poivre\\\/#primaryimage\",\"url\":\"https:\\\/\\\/pappy-vuc.ch\\\/wp-content\\\/uploads\\\/2021\\\/01\\\/Pfefferspeck_221A4516.jpg\",\"contentUrl\":\"https:\\\/\\\/pappy-vuc.ch\\\/wp-content\\\/uploads\\\/2021\\\/01\\\/Pfefferspeck_221A4516.jpg\",\"width\":1024,\"height\":683},{\"@type\":\"BreadcrumbList\",\"@id\":\"https:\\\/\\\/pappy-vuc.ch\\\/fr\\\/produit\\\/speck-pure-poivre\\\/#breadcrumb\",\"itemListElement\":[{\"@type\":\"ListItem\",\"position\":1,\"name\":\"Home\",\"item\":\"https:\\\/\\\/pappy-vuc.ch\\\/fr\\\/\"},{\"@type\":\"ListItem\",\"position\":2,\"name\":\"Viande s\u00e9ch\u00e9e\",\"item\":\"https:\\\/\\\/pappy-vuc.ch\\\/fr\\\/acheter-de-la-viande-sechee-en-ligne\\\/\"},{\"@type\":\"ListItem\",\"position\":3,\"name\":\"Lard gourmet Pure Poivre\"}]},{\"@type\":\"WebSite\",\"@id\":\"https:\\\/\\\/pappy-vuc.ch\\\/fr\\\/#website\",\"url\":\"https:\\\/\\\/pappy-vuc.ch\\\/fr\\\/\",\"name\":\"Pappy Vuc\",\"description\":\"Gourmet Trockenfleisch\",\"publisher\":{\"@id\":\"https:\\\/\\\/pappy-vuc.ch\\\/fr\\\/#organization\"},\"potentialAction\":[{\"@type\":\"SearchAction\",\"target\":{\"@type\":\"EntryPoint\",\"urlTemplate\":\"https:\\\/\\\/pappy-vuc.ch\\\/fr\\\/?s={search_term_string}\"},\"query-input\":{\"@type\":\"PropertyValueSpecification\",\"valueRequired\":true,\"valueName\":\"search_term_string\"}}],\"inLanguage\":\"fr-FR\"},{\"@type\":\"Organization\",\"@id\":\"https:\\\/\\\/pappy-vuc.ch\\\/fr\\\/#organization\",\"name\":\"Pappy Vuc Gourmet Trockenfleisch\",\"url\":\"https:\\\/\\\/pappy-vuc.ch\\\/fr\\\/\",\"logo\":{\"@type\":\"ImageObject\",\"inLanguage\":\"fr-FR\",\"@id\":\"https:\\\/\\\/pappy-vuc.ch\\\/fr\\\/#\\\/schema\\\/logo\\\/image\\\/\",\"url\":\"https:\\\/\\\/pappy-vuc.ch\\\/wp-content\\\/uploads\\\/2020\\\/10\\\/LogoPappyVuc-Final-2020-200.png\",\"contentUrl\":\"https:\\\/\\\/pappy-vuc.ch\\\/wp-content\\\/uploads\\\/2020\\\/10\\\/LogoPappyVuc-Final-2020-200.png\",\"width\":205,\"height\":200,\"caption\":\"Pappy Vuc Gourmet Trockenfleisch\"},\"image\":{\"@id\":\"https:\\\/\\\/pappy-vuc.ch\\\/fr\\\/#\\\/schema\\\/logo\\\/image\\\/\"}}]}<\/script>\n<!-- \/ Yoast SEO plugin. -->","yoast_head_json":{"title":"Lard gourmet Pure Poivre | Pappy Vuc","robots":{"index":"index","follow":"follow","max-snippet":"max-snippet:-1","max-image-preview":"max-image-preview:large","max-video-preview":"max-video-preview:-1"},"canonical":"https:\/\/pappy-vuc.ch\/fr\/produit\/speck-pure-poivre\/","og_locale":"fr_FR","og_type":"article","og_title":"Lard gourmet Pure Poivre | Pappy Vuc","og_description":"Le d\u00e9lai de production peut aller jusqu'\u00e0 4 mois  Le lard, apr\u00e8s avoir \u00e9t\u00e9 sal\u00e9, re\u00e7oit une couche de poivre noir moulu. Particuli\u00e8rement appr\u00e9ci\u00e9 par les amateurs de poivre, il est \u00e9galement excellent sur un plateau de viande s\u00e9ch\u00e9e mixte et avec le risotto, les p\u00e2tes.","og_url":"https:\/\/pappy-vuc.ch\/fr\/produit\/speck-pure-poivre\/","og_site_name":"Pappy Vuc","article_modified_time":"2023-12-05T10:45:52+00:00","og_image":[{"width":1024,"height":683,"url":"https:\/\/pappy-vuc.ch\/wp-content\/uploads\/2021\/01\/Pfefferspeck_221A4516.jpg","type":"image\/jpeg"}],"twitter_card":"summary_large_image","schema":{"@context":"https:\/\/schema.org","@graph":[{"@type":"WebPage","@id":"https:\/\/pappy-vuc.ch\/fr\/produit\/speck-pure-poivre\/","url":"https:\/\/pappy-vuc.ch\/fr\/produit\/speck-pure-poivre\/","name":"Lard gourmet Pure Poivre | Pappy Vuc","isPartOf":{"@id":"https:\/\/pappy-vuc.ch\/fr\/#website"},"primaryImageOfPage":{"@id":"https:\/\/pappy-vuc.ch\/fr\/produit\/speck-pure-poivre\/#primaryimage"},"image":{"@id":"https:\/\/pappy-vuc.ch\/fr\/produit\/speck-pure-poivre\/#primaryimage"},"thumbnailUrl":"https:\/\/pappy-vuc.ch\/wp-content\/uploads\/2021\/01\/Pfefferspeck_221A4516.jpg","datePublished":"2021-01-23T12:18:32+00:00","dateModified":"2023-12-05T10:45:52+00:00","breadcrumb":{"@id":"https:\/\/pappy-vuc.ch\/fr\/produit\/speck-pure-poivre\/#breadcrumb"},"inLanguage":"fr-FR","potentialAction":[{"@type":"ReadAction","target":["https:\/\/pappy-vuc.ch\/fr\/produit\/speck-pure-poivre\/"]}]},{"@type":"ImageObject","inLanguage":"fr-FR","@id":"https:\/\/pappy-vuc.ch\/fr\/produit\/speck-pure-poivre\/#primaryimage","url":"https:\/\/pappy-vuc.ch\/wp-content\/uploads\/2021\/01\/Pfefferspeck_221A4516.jpg","contentUrl":"https:\/\/pappy-vuc.ch\/wp-content\/uploads\/2021\/01\/Pfefferspeck_221A4516.jpg","width":1024,"height":683},{"@type":"BreadcrumbList","@id":"https:\/\/pappy-vuc.ch\/fr\/produit\/speck-pure-poivre\/#breadcrumb","itemListElement":[{"@type":"ListItem","position":1,"name":"Home","item":"https:\/\/pappy-vuc.ch\/fr\/"},{"@type":"ListItem","position":2,"name":"Viande s\u00e9ch\u00e9e","item":"https:\/\/pappy-vuc.ch\/fr\/acheter-de-la-viande-sechee-en-ligne\/"},{"@type":"ListItem","position":3,"name":"Lard gourmet Pure Poivre"}]},{"@type":"WebSite","@id":"https:\/\/pappy-vuc.ch\/fr\/#website","url":"https:\/\/pappy-vuc.ch\/fr\/","name":"Pappy Vuc","description":"Gourmet Trockenfleisch","publisher":{"@id":"https:\/\/pappy-vuc.ch\/fr\/#organization"},"potentialAction":[{"@type":"SearchAction","target":{"@type":"EntryPoint","urlTemplate":"https:\/\/pappy-vuc.ch\/fr\/?s={search_term_string}"},"query-input":{"@type":"PropertyValueSpecification","valueRequired":true,"valueName":"search_term_string"}}],"inLanguage":"fr-FR"},{"@type":"Organization","@id":"https:\/\/pappy-vuc.ch\/fr\/#organization","name":"Pappy Vuc Gourmet Trockenfleisch","url":"https:\/\/pappy-vuc.ch\/fr\/","logo":{"@type":"ImageObject","inLanguage":"fr-FR","@id":"https:\/\/pappy-vuc.ch\/fr\/#\/schema\/logo\/image\/","url":"https:\/\/pappy-vuc.ch\/wp-content\/uploads\/2020\/10\/LogoPappyVuc-Final-2020-200.png","contentUrl":"https:\/\/pappy-vuc.ch\/wp-content\/uploads\/2020\/10\/LogoPappyVuc-Final-2020-200.png","width":205,"height":200,"caption":"Pappy Vuc Gourmet Trockenfleisch"},"image":{"@id":"https:\/\/pappy-vuc.ch\/fr\/#\/schema\/logo\/image\/"}}]}},"_links":{"self":[{"href":"https:\/\/pappy-vuc.ch\/fr\/wp-json\/wp\/v2\/product\/3342","targetHints":{"allow":["GET"]}}],"collection":[{"href":"https:\/\/pappy-vuc.ch\/fr\/wp-json\/wp\/v2\/product"}],"about":[{"href":"https:\/\/pappy-vuc.ch\/fr\/wp-json\/wp\/v2\/types\/product"}],"wp:featuredmedia":[{"embeddable":true,"href":"https:\/\/pappy-vuc.ch\/fr\/wp-json\/wp\/v2\/media\/3279"}],"wp:attachment":[{"href":"https:\/\/pappy-vuc.ch\/fr\/wp-json\/wp\/v2\/media?parent=3342"}],"wp:term":[{"taxonomy":"product_brand","embeddable":true,"href":"https:\/\/pappy-vuc.ch\/fr\/wp-json\/wp\/v2\/product_brand?post=3342"},{"taxonomy":"product_cat","embeddable":true,"href":"https:\/\/pappy-vuc.ch\/fr\/wp-json\/wp\/v2\/product_cat?post=3342"},{"taxonomy":"product_tag","embeddable":true,"href":"https:\/\/pappy-vuc.ch\/fr\/wp-json\/wp\/v2\/product_tag?post=3342"}],"curies":[{"name":"wp","href":"https:\/\/api.w.org\/{rel}","templated":true}]}}

<p><strong>Le délai de production peut aller jusqu&#8217;à 4 mois</strong></p>
<p>Le lard, après avoir été salé, reçoit une couche de poivre noir moulu. Particulièrement apprécié par les amateurs de poivre, il est également excellent sur un plateau de viande séchée mixte et avec le risotto, les pâtes.</p>

<!-- This site is optimized with the Yoast SEO plugin v27.4 - https://yoast.com/product/yoast-seo-wordpress/ -->
<title>Lard gourmet Pure Poivre | Pappy Vuc</title>
<meta name="robots" content="index, follow, max-snippet:-1, max-image-preview:large, max-video-preview:-1" />
<link rel="canonical" href="https://pappy-vuc.ch/fr/produit/speck-pure-poivre/" />
<meta property="og:locale" content="fr_FR" />
<meta property="og:type" content="article" />
<meta property="og:title" content="Lard gourmet Pure Poivre | Pappy Vuc" />
<meta property="og:description" content="Le délai de production peut aller jusqu&#039;à 4 mois  Le lard, après avoir été salé, reçoit une couche de poivre noir moulu. Particulièrement apprécié par les amateurs de poivre, il est également excellent sur un plateau de viande séchée mixte et avec le risotto, les pâtes." />
<meta property="og:url" content="https://pappy-vuc.ch/fr/produit/speck-pure-poivre/" />
<meta property="og:site_name" content="Pappy Vuc" />
<meta property="article:modified_time" content="2023-12-05T10:45:52+00:00" />
<meta property="og:image" content="https://pappy-vuc.ch/wp-content/uploads/2021/01/Pfefferspeck_221A4516.jpg" />
	<meta property="og:image:width" content="1024" />
	<meta property="og:image:height" content="683" />
	<meta property="og:image:type" content="image/jpeg" />
<meta name="twitter:card" content="summary_large_image" />
<script type="application/ld+json" class="yoast-schema-graph">{"@context":"https:\/\/schema.org","@graph":[{"@type":"WebPage","@id":"https:\/\/pappy-vuc.ch\/fr\/produit\/speck-pure-poivre\/","url":"https:\/\/pappy-vuc.ch\/fr\/produit\/speck-pure-poivre\/","name":"Lard gourmet Pure Poivre | Pappy Vuc","isPartOf":{"@id":"https:\/\/pappy-vuc.ch\/fr\/#website"},"primaryImageOfPage":{"@id":"https:\/\/pappy-vuc.ch\/fr\/produit\/speck-pure-poivre\/#primaryimage"},"image":{"@id":"https:\/\/pappy-vuc.ch\/fr\/produit\/speck-pure-poivre\/#primaryimage"},"thumbnailUrl":"https:\/\/pappy-vuc.ch\/wp-content\/uploads\/2021\/01\/Pfefferspeck_221A4516.jpg","datePublished":"2021-01-23T12:18:32+00:00","dateModified":"2023-12-05T10:45:52+00:00","breadcrumb":{"@id":"https:\/\/pappy-vuc.ch\/fr\/produit\/speck-pure-poivre\/#breadcrumb"},"inLanguage":"fr-FR","potentialAction":[{"@type":"ReadAction","target":["https:\/\/pappy-vuc.ch\/fr\/produit\/speck-pure-poivre\/"]}]},{"@type":"ImageObject","inLanguage":"fr-FR","@id":"https:\/\/pappy-vuc.ch\/fr\/produit\/speck-pure-poivre\/#primaryimage","url":"https:\/\/pappy-vuc.ch\/wp-content\/uploads\/2021\/01\/Pfefferspeck_221A4516.jpg","contentUrl":"https:\/\/pappy-vuc.ch\/wp-content\/uploads\/2021\/01\/Pfefferspeck_221A4516.jpg","width":1024,"height":683},{"@type":"BreadcrumbList","@id":"https:\/\/pappy-vuc.ch\/fr\/produit\/speck-pure-poivre\/#breadcrumb","itemListElement":[{"@type":"ListItem","position":1,"name":"Home","item":"https:\/\/pappy-vuc.ch\/fr\/"},{"@type":"ListItem","position":2,"name":"Viande séchée","item":"https:\/\/pappy-vuc.ch\/fr\/acheter-de-la-viande-sechee-en-ligne\/"},{"@type":"ListItem","position":3,"name":"Lard gourmet Pure Poivre"}]},{"@type":"WebSite","@id":"https:\/\/pappy-vuc.ch\/fr\/#website","url":"https:\/\/pappy-vuc.ch\/fr\/","name":"Pappy Vuc","description":"Gourmet Trockenfleisch","publisher":{"@id":"https:\/\/pappy-vuc.ch\/fr\/#organization"},"potentialAction":[{"@type":"SearchAction","target":{"@type":"EntryPoint","urlTemplate":"https:\/\/pappy-vuc.ch\/fr\/?s={search_term_string}"},"query-input":{"@type":"PropertyValueSpecification","valueRequired":true,"valueName":"search_term_string"}}],"inLanguage":"fr-FR"},{"@type":"Organization","@id":"https:\/\/pappy-vuc.ch\/fr\/#organization","name":"Pappy Vuc Gourmet Trockenfleisch","url":"https:\/\/pappy-vuc.ch\/fr\/","logo":{"@type":"ImageObject","inLanguage":"fr-FR","@id":"https:\/\/pappy-vuc.ch\/fr\/#\/schema\/logo\/image\/","url":"https:\/\/pappy-vuc.ch\/wp-content\/uploads\/2020\/10\/LogoPappyVuc-Final-2020-200.png","contentUrl":"https:\/\/pappy-vuc.ch\/wp-content\/uploads\/2020\/10\/LogoPappyVuc-Final-2020-200.png","width":205,"height":200,"caption":"Pappy Vuc Gourmet Trockenfleisch"},"image":{"@id":"https:\/\/pappy-vuc.ch\/fr\/#\/schema\/logo\/image\/"}}]}</script>
<!-- / Yoast SEO plugin. -->

Le délai de production peut aller jusqu'à 4 mois  Le lard, après avoir été salé, reçoit une couche de poivre noir moulu. Particulièrement apprécié par les amateurs de poivre, il est également excellent sur un plateau de viande séchée mixte et avec le risotto, les pâtes.

Viande séchée
